rue
Is 37834067057 a prime number?
True
Is 5563523639 prime?
True
Is 9497139269 a composite number?
True
Is 2115800581 a prime number?
False
Is 11330807687 prime?
False
Is 33622471 a composite number?
False
Is 141523668217 prime?
True
Is 668359099 prime?
False
Is 175913497 a composite number?
False
Is 17315649691 a composite number?
True
Is 4746213949 prime?
False
Is 649607477 a prime number?
True
Is 3236932541 a prime number?
False
Is 1123427641 prime?
False
Is 22111751047 composite?
False
Is 1394030483 a prime number?
False
Is 3262416349 composite?
False
Is 645999521 composite?
True
Is 27103199927 composite?
True
Is 4878649877 prime?
True
Is 1656897007 a prime number?
True
Is 18478425377 composite?
True
Is 9679031627 composite?
False
Is 20593949 composite?
False
Is 2327312657 prime?
True
Is 9316011401 composite?
False
Is 5481895241 prime?
False
Is 16243616443 composite?
False
Is 3654296323 a composite number?
False
Is 4921197901 a composite number?
True
Is 2176590513 composite?
True
Is 141871326791 prime?
False
Is 70187145989 a composite number?
True
Is 121820207 prime?
False
Is 200226013 composite?
True
Is 2249812241 prime?
True
Is 3168280391 composite?
False
Is 1763032451 composite?
False
Is 6229624945 a composite number?
True
Is 14563062589 a composite number?
True
Is 479369551 composite?
True
Is 154304497 a composite number?
False
Is 40397133191 prime?
False
Is 878124403 composite?
True
Is 8285240963 a composite number?
False
Is 1416851339 composite?
False
Is 421191289 prime?
True
Is 22885167 a prime number?
False
Is 175637291 a prime number?
True
Is 172831151 composite?
False
Is 4534233331 a prime number?
False
Is 7371085031 a prime number?
True
Is 1767163523 a composite number?
False
Is 4639774343 a prime number?
False
Is 25538637329 a prime number?
True
Is 10897844987 prime?
False
Is 40246734907 prime?
True
Is 494658841 a prime number?
True
Is 2650043989 composite?
False
Is 8699313877 a prime number?
True
Is 5503475773 composite?
True
Is 44360298341 a composite number?
True
Is 9257558591 prime?
True
Is 5000367023 composite?
False
Is 10873066291 prime?
True
Is 538613791 composite?
False
Is 10053214139 composite?
True
Is 317632033 prime?
False
Is 83710511 a prime number?
True
Is 2872641245 composite?
True
Is 24089675261 a composite number?
False
Is 100284391 composite?
True
Is 114464627 a composite number?
False
Is 56003992329 composite?
True
Is 9546816199 a composite number?
False
Is 749549209 a prime number?
True
Is 658073449 a composite number?
True
Is 1379679467 a composite number?
True
Is 919365299 composite?
False
Is 27073378139 a composite number?
True
Is 3261565871 prime?
True
Is 9283259863 composite?
False
Is 302574071 prime?
False
Is 28241616002 prime?
False
Is 363929029 composite?
False
Is 788785469 prime?
True
Is 36023395489 prime?
True
Is 278199791 composite?
False
Is 8534207359 composite?
True
Is 10193665187 prime?
True
Is 322341011 a composite number?
True
Is 11926787009 a composite number?
False
Is 21669127801 composite?
False
Is 2329760281 prime?
True
Is 46794665 composite?
True
Is 474053 a composite number?
True
Is 20762051131 composite?
True
Is 7717941697 a prime number?
False
Is 72247531 a composite number?
True
Is 768605287 composite?
True
Is 90291929833 a prime number?
False
Is 2906127803 composite?
False
Is 21134046903 a prime number?
False
Is 3491975147 prime?
True
Is 32426296409 a prime number?
False
Is 131094725389 a composite number?
False
Is 114825211 a prime number?
False
Is 2788811737 composite?
True
Is 27784332571 a composite number?
False
Is 49783108741 prime?
False
Is 4290686009 prime?
True
Is 6972046519 a prime number?
True
Is 1262139955 prime?
False
Is 17500409183 a prime number?
False
Is 804681329 prime?
True
Is 8045078177 composite?
False
Is 2872604311 a prime number?
True
Is 4701800071 a composite number?
True
Is 2833075331 prime?
True
Is 4880558447 composite?
True
Is 68566398473 a composite number?
True
Is 105725759 composite?
False
Is 5819007527 a composite number?
True
Is 2025084701 prime?
True
Is 5549206499 composite?
False
Is 1449353806 composite?
True
Is 72516408827 prime?
True
Is 1316862991 composite?
False
Is 29045541617 composite?
False
Is 152554691 a composite number?
True
Is 4836947813 a prime number?
False
Is 20446799939 composite?
False
Is 2242764751 a prime number?
False
Is 123334351033 composite?
False
Is 69249947521 prime?
True
Is 12132887837 composite?
True
Is 9774505817 a prime number?
False
Is 106104703 a prime number?
True
Is 2003051033 a prime number?
False
Is 10510742357 prime?
False
Is 62770241 prime?
False
Is 3781354034 composite?
True
Is 18581709323 a prime number?
True
Is 23834708153 composite?
False
Is 932166113 a prime number?
True
Is 43527207181 a prime number?
True
Is 4508484289 a composite number?
True
Is 4881005383 a prime number?
True
Is 3077109131 a composite number?
True
Is 17321237747 composite?
True
Is 347651089 prime?
True
Is 36295873631 a composite number?
False
Is 29806110617 a prime number?
True
Is 24645069241 a composite number?
True
Is 4893530483 a prime number?
True
Is 4168885997 a composite number?
False
Is 311464335557 a composite number?
False
Is 22870590227 a prime number?
True
Is 266639411 a prime number?
True
Is 3455354537 composite?
True
Is 59831907581 a composite number?
False
Is 4087407641 a composite number?
False
Is 620483503 a prime number?
False
Is 101568527 a prime number?
False
Is 452472685399 composite?
True
Is 6516137219 a prime number?
True
Is 198041621 a composite number?
True
Is 6184292027 a prime number?
True
Is 106859779 prime?
False
Is 15705092987 prime?
True
Is 14882193889 composite?
True
Is 160772582281 prime?
True
Is 1017344407 prime?
True
Is 6973184411 prime?
True
Is 36849303529 composite?
False
Is 1882470323 composite?
False
Is 62557329413 a composite number?
True
Is 284861459 a prime number?
True
Is 1001769101 a composite number?
False
Is 2131731479 a prime number?
True
Is 27819907657 composite?
True
Is 281663719 a composite number?
False
Is 7006181881 prime?
True
Is 1197357241 a prime number?
True
Is 373995599 a prime number?
True
Is 18034286597 composite?
False
Is 124707059 prime?
True
Is 137917765091 composite?
False
Is 3712804859 prime?
True
Is 1019871317 prime?
True
Is 5799435353 a prime number?
False
Is 619511591 prime?
True
Is 512924663 prime?
False
Is 1182138623 prime?
False
Is 709445831 prime?
False
Is 343342117 composite?
False
Is 1555910173 composite?
False
Is 4566604879 a composite number?
True
Is 642622121 a prime number?
False
Is 1597174459 a composite number?
False
Is 4895835433 prime?
False
Is 633317203 composite?
False
Is 473091691 a composite number?
True
Is 313397527 a prime number?
True
Is 48869342603 prime?
True
Is 4347385589 prime?
False
Is 1060805983 a composite number?
False
Is 1601507665 composite?
True
Is 12683475599 composite?
False
Is 6108150619 prime?
True
Is 3401654453 a prime number?
True
Is 2744995299 prime?
False
Is 12877365229 composite?
True
Is 8132129569 a prime number?
False
Is 5846183687 prime?
True
Is 107870915123 a composite number?
True
Is 2153167997 a composite number?
True
Is 395522131 prime?
False
Is 787865941 composite?
True
Is 29652199207 a composite number?
False
Is 42872956159 a prime number?
False
Is 567254735345 prime?
False
Is 184612691 prime?
True
Is 1758039379 composite?
True
Is 101345441 a composite number?
True
Is 18101620919 prime?
True
Is 443501039 prime?
False
Is 601693721 composite?
False
Is 8529559427 prime?
True
Is 1079714635 composite?
True
Is 577465997 composite?
False
Is 1093457107 a composite number?
True
Is 3552604901 composite?
True
Is 273977173 a composite number?
True
Is 2961488039 composite?
True
Is 5511045643 a prime number?
True
Is 48833171645 a prime number?
False
Is 1492402601 composite?
False
Is 34353332939 a composite number?
True
Is 9770718827 a composite number?
False
Is 36454861 prime?
False
Is 3096056497 prime?
True
Is 3675936551 composite?
True
Is 182914871 prime?
True
Is 188785661 a prime number?
True
Is 196857729581 composite?
False
Is 1188584471 composite?
False
Is 37526602931 a prime number?
True
Is 41853350521 a composite number?
True
Is 875975665 a prime number?
False
Is 68036869801 composite?
True
Is 43186771811 a composite number?
Fals